, 191
List the prime factors of 7057.
7057
List the prime factors of 616.
2, 7, 11
What are the prime factors of 19253?
13, 1481
List the prime factors of 16927.
16927
List the prime factors of 4306.
2, 2153
What are the prime factors of 47808?
2, 3, 83
List the prime factors of 93937.
93937
What are the prime factors of 1526?
2, 7, 109
List the prime factors of 2826.
2, 3, 157
What are the prime factors of 1485?
3, 5, 11
List the prime factors of 4793.
4793
What are the prime factors of 59364?
2, 3, 17, 97
What are the prime factors of 2048?
2
List the prime factors of 216.
2, 3
What are the prime factors of 1314?
2, 3, 73
What are the prime factors of 11165?
5, 7, 11, 29
List the prime factors of 2791.
2791
List the prime factors of 33309.
3, 3701
What are the prime factors of 1164?
2, 3, 97
List the prime factors of 80370.
2, 3, 5, 19, 47
List the prime factors of 27761.
17, 23, 71
What are the prime factors of 468?
2, 3, 13
List the prime factors of 18792.
2, 3, 29
What are the prime factors of 210?
2, 3, 5, 7
List the prime factors of 3743.
19, 197
What are the prime factors of 10477?
10477
What are the prime factors of 604?
2, 151
List the prime factors of 35080.
2, 5, 877
List the prime factors of 65234.
2, 13, 193
What are the prime factors of 78356?
2, 19, 1031
List the prime factors of 21.
3, 7
List the prime factors of 10049.
13, 773
List the prime factors of 1792.
2, 7
What are the prime factors of 5434?
2, 11, 13, 19
What are the prime factors of 6007?
6007
What are the prime factors of 10381?
7, 1483
What are the prime factors of 34622?
2, 7, 2473
What are the prime factors of 1995?
3, 5, 7, 19
List the prime factors of 381.
3, 127
List the prime factors of 4195.
5, 839
List the prime factors of 190248.
2, 3, 7927
What are the prime factors of 1393?
7, 199
List the prime factors of 965.
5, 193
List the prime factors of 1141.
7, 163
What are the prime factors of 11643?
3, 3881
List the prime factors of 2006.
2, 17, 59
What are the prime factors of 75457?
61, 1237
What are the prime factors of 11639?
103, 113
What are the prime factors of 20439?
3, 757
What are the prime factors of 59215?
5, 13, 911
List the prime factors of 34558.
2, 37, 467
What are the prime factors of 14407?
14407
What are the prime factors of 65891?
7, 9413
What are the prime factors of 52702?
2, 13, 2027
What are the prime factors of 1232?
2, 7, 11
What are the prime factors of 6995?
5, 1399
What are the prime factors of 11414?
2, 13, 439
What are the prime factors of 593?
593
List the prime factors of 160931.
23, 6997
What are the prime factors of 1278?
2, 3, 71
What are the prime factors of 2593?
2593
List the prime factors of 7541.
7541
List the prime factors of 11562.
2, 3, 41, 47
List the prime factors of 6381.
3, 709
List the prime factors of 1649.
17, 97
What are the prime factors of 48220?
2, 5, 2411
List the prime factors of 31595.
5, 71, 89
List the prime factors of 6054.
2, 3, 1009
List the prime factors of 3578.
2, 1789
List the prime factors of 4889.
4889
What are the prime factors of 9104?
2, 569
What are the prime factors of 11224?
2, 23, 61
What are the prime factors of 14914?
2, 7457
List the prime factors of 21644.
2, 7, 773
List the prime factors of 6652.
2, 1663
List the prime factors of 2909.
2909
What are the prime factors of 1949?
1949
What are the prime factors of 10257?
3, 13, 263
List the prime factors of 71467.
11, 73, 89
List the prime factors of 5983.
31, 193
What are the prime factors of 13897?
13, 1069
What are the prime factors of 175?
5, 7
What are the prime factors of 213?
3, 71
What are the prime factors of 2642?
2, 1321
List the prime factors of 1538.
2, 769
What are the prime factors of 5865?
3, 5, 17, 23
List the prime factors of 61931.
17, 3643
List the prime factors of 19538.
2, 9769
List the prime factors of 123417.
3, 7, 653
What are the prime factors of 3837?
3, 1279
What are the prime factors of 140956?
2, 131, 269
List the prime factors of 189615.
3, 5, 12641
List the prime factors of 47.
47
What are the prime factors of 1445?
5, 17
List the prime factors of 34837.
11, 3167
What are the prime factors of 165?
3, 5, 11
List the prime factors of 3714.
2, 3, 619
What are the prime factors of 95849?
13, 73, 101
What are the prime factors of 18939?
3, 59, 107
List the prime factors of 34366.
2, 17183
List the prime factors of 35936.
2, 1123
List the prime factors of 12087.
3, 17, 79
What are the prime factors of 597?
3, 199
List the prime factors of 1110.
2, 3, 5, 37
What are the prime factors of 71367?
3, 23789
List the prime factors of 8729.
7, 29, 43
What are the prime factors of 5156?
2, 1289
What are the prime factors of 351?
3, 13
List the prime factors of 4893.
3, 7, 233
What are the prime factors of 976?
2, 61
List the prime factors of 905.
5, 181
What are the prime factors of 4268?
2, 11, 97
What are the prime factors of 2841?
3, 947
What are the prime factors of 52254?
2, 3, 2903
What are the prime factors of 709?
709
What are the prime factors of 176?
2, 11
List the prime factors of 7116.
2, 3, 593
List the prime factors of 5026.
2, 7, 359
What are the prime factors of 3378?
2, 3, 563
What are the prime factors of 1261?
13, 97
What are the prime factors of 27?
3
What are the prime factors of 1021?
1021
List the prime factors of 2944.
2, 23
List the prime factors of 1808.
2, 113
List the prime factors of 37569.
3, 7, 1789
What are the prime factors of 93?
3, 31
What are the prime factors of 631?
631
What are the prime factors of 138400?
2, 5, 173
List the prime factors of 879.
3, 293
What are the prime factors of 1524?
2, 3, 127
What are the prime factors of 72849?
3, 7, 3469
What are the prime factors of 95?
5, 19
List the prime factors of 2477.
2477
What are the prime factors of 90843?
3, 107, 283
List the prime factors of 5244.
2, 3, 19, 23
List the prime factors of 2852.
2, 23, 31
What are the prime factors of 35872?
2, 19, 59
List the prime factors of 1920.
2, 3, 5
What are the prime factors of 860?
2, 5, 43
List the prime factors of 510.
2, 3, 5, 17
List the prime factors of 1299.
3, 433
What are the prime factors of 852?
2, 3, 71
List the prime factors of 522.
2, 3, 29
What are the prime factors of 334?
2, 167
List the prime factors of 2870.
2, 5, 7, 41
List the prime factors of 1526.
2, 7, 109
What are the prime factors of 3803?
3803
What are the prime factors of 18246?
2, 3, 3041
What are the prime factors of 11836?
2, 11, 269
List the prime factors of 2312.
2, 17
What are the prime factors of 56382?
2, 3, 9397
What are the prime factors of 28291?
19, 1489
List the prime factors of 21791.
7, 11, 283
List the prime factors of 1612.
2, 13, 31
List the prime factors of 58994.
2, 13, 2269
List the prime factors of 4467.
3, 1489
What are the prime factors of 1200?
2, 3, 5
List the prime factors of 7395.
3, 5, 17, 29
List the prime factors of 5951.
11, 541
List the prime factors of 95987.
95987
What are the prime factors of 358?
2, 179
List the prime factors of 2140.
2, 5, 107
What are the prime factors of 84385?
5, 7, 2411
What are the prime factors of 1232?
2, 7, 11
List the prime factors of 1882.
2, 941
List the prime factors of 10357.
10357
List the prime factors of 1918.
2, 7, 137
List the prime factors of 5095.
5, 1019
List the prime factors of 15414.
2, 3, 7, 367
List the prime factors of 193285.
5, 29, 31, 43
List the prime factors of 18427.
18427
List the prime factors of 177943.
177943
What are the prime factors of 22190?
2, 5, 7, 317
List the prime factors of 10627.
10627
What are the prime factors of 14401?
14401
What are the prime factors of 537?
3, 179
List the prime factors of 5397.
3, 7, 257
List the prime factors of 24950.
2, 5, 499
List the prime factors of 1363.
29, 47
What are the prime factors of 34348?
2, 31, 277
What are the prime factors of 33942?
2, 3, 5657
List the prime factors of 418.
2, 11, 19
List the prime factors of 10297.
7, 1471
What are the prime factors of 19053?
3, 29, 73
What are the prime factors of 4768?
2, 149
List the prime factors of 45732.
2, 3, 37, 103
What are the prime factors of 39129?
3, 13043
List the prime factors of 611.
13, 47
What are the prime factors of 13493?
103, 131
List the prime factors of 23625.
3, 5, 7
What are the prime factors of 1018?
2, 